-5*q. Let o(u) = -u**2 + 7. What is the units digit of o(q)?
7
Suppose 4*b - 143 = 17. What is the units digit of b?
0
Suppose -6*y + 10*y = 308. What is the tens digit of y?
7
Let r(g) = g + 2. Let o be r(-4). Let d = o - 2. What is the units digit of ((-12)/15)/(d/10)?
2
Let r(j) = 5*j**2 - 14*j + 14. What is the units digit of r(7)?
1
Suppose 5*l + 2*h + 18 = 0, h + h + 8 = 0. Let z be (24/9 - l)*3. What is the tens digit of 4/14 + 192/z?
1
Let c be 72/20 - 2/(-5). Suppose 0 = -c*f + 4*v + 20, 5*f - 2*v - 16 = 2*f. What is the units digit of f?
6
What is the tens digit of 3/(-1) + 70 - (1 - 2)?
6
Suppose 4*x - x = 0. Suppose -3*k - 2*q = -10 - 5, x = 3*q. What is the units digit of k?
5
Let m(i) = i. Let l be m(-6). Let y be 15/(-2)*l/9. What is the units digit of (-8)/(-20) + 48/y?
0
What is the units digit of ((-120)/(-42))/((-4)/(-14))?
0
Suppose 2*b - 14 - 6 = 0. Suppose 4*a = 3*a + b. What is the units digit of a?
0
Let p = 2 - -3. Suppose p*f = -2*u + 32, 2*f = 7*f - 3*u - 27. What is the units digit of f?
6
Suppose -32 = -3*r - 3*u + 88, 0 = 5*r + 4*u - 198. Suppose 0*n - r = -n. What is the tens digit of n?
3
Suppose 0 = -0*l + 6*l - 102. What is the units digit of l?
7
Suppose -61*p - 990 = -66*p. What is the tens digit of p?
9
Let i(z) = -z**3 - 2 + 6*z**2 - z**2 + z + 2*z**3. Let n be i(-4). Suppose 0 = -5*c - x + n, 4*c - 2*x + 5*x + 3 = 0. What is the units digit of c?
3
Let i = 157 + -87. What is the units digit of i?
0
Let u = -4 + -26. Let t = u + 61. What is the units digit of t?
1
Let u be ((-2)/6)/((-3)/153). Suppose 3*k = -0*k + 27. Let n = u - k. What is the units digit of n?
8
Suppose 5*i + 3*s + 16 = 0, -5*s = -i + 6*i + 20. What is the units digit of (i/3)/((-20)/930)?
1
Suppose -7 = 5*c + 8. What is the units digit of (-2)/(-2*c/(-27))?
9
Let t(w) = -2*w - 1. Let n be t(-5). Let u = n - 7. What is the units digit of u?
2
Let p = -13 + 9. What is the units digit of (-2 - p)*5/2?
5
What is the hundreds digit of 189 + 6 - (-2 - (1 + -3))?
1
What is the units digit of (-211)/(-5) - 4/(-5)?
3
Let o = 3 + -2. Let j(n) = n**3 - 6 - 5 - 3*n + o + 0 + 7*n**2. What is the units digit of j(-7)?
1
Let h be 12/(-1)*6/9. Let a = -3 - h. Suppose 2*r + 36 = a*s, r = -s + 8 + 2. What is the units digit of s?
8
What is the units digit of (-4 - -7)*(-2 + 3)?
3
Suppose 5 = 3*w - 7. Suppose -4 = -w*s + 12. Suppose a + s = q + 4*q, 1 = -4*q + 5*a. What is the units digit of q?
1
Suppose -4*l = l + 2*k - 165, -2*l + 66 = -5*k. Let j = -20 + l. What is the tens digit of j?
1
Suppose 2*t - 4 = k + 2*k, 4 = -2*k + 2*t. Let f(c) = -c**2 - 2*c + 10. What is the tens digit of f(k)?
1
Suppose -t - 2 + 7 = 0. Suppose -p = p - 5*z - 9, -t*z + 39 = 2*p. What is the tens digit of p?
1
Let g(o) = -o**3 + 5*o**2 + 5*o + 6. What is the units digit of g(5)?
1
Let z(m) be the second derivative of m**4/12 + 5*m**3/6 + m**2 + 2*m. Let p be z(-4). What is the units digit of 2/(p - 24/(-9))?
3
What is the tens digit of (30/(-4))/((-24)/288)?
9
Let v(x) = 3*x - 7. Let h be v(5). Let n be (6/3 - 2) + h. What is the units digit of 4/(n/(-6) + 2)?
6
What is the tens digit of 12 + (12/15)/((-6)/(-15))?
1
Suppose -2*i = -i. Suppose 4*o = -i*o + 3*v + 27, -4*o + 5*v + 21 = 0. Let n(x) = -x + 13. What is the units digit of n(o)?
4
Let w be (4/(-7))/(20/(-70)). Let c(s) = 3*s. Let t be c(w). Let z = -2 + t. What is the units digit of z?
4
Let c(r) = 2 - 3 - 3 + 18*r. What is the tens digit of c(2)?
3
Let t = 50 + -34. Let r = -10 + t. What is the units digit of r?
6
Let t(i) = 5*i**2 - 5*i + 3. Let s(b) = 4*b**2 - 4*b + 2. Let q(f) = 4*s(f) - 3*t(f). What is the units digit of q(-2)?
5
Let q(l) = l**3 + 8*l**2 + 3*l - 8. Let s be q(-7). Let z = s - 15. What is the units digit of z?
5
Let s be 2 + -3 + 93/3. Suppose 25 = 7*r - 2*r, -3*i - 3*r = -s. What is the units digit of i?
5
Let t(o) = 2*o**3 - 14*o**2 - 7*o + 5. What is the tens digit of t(8)?
7
Let c = 2 + 0. Let s be 3 - 3 - (2 + c). Let x(t) = -t**2 - 6*t - 4. What is the units digit of x(s)?
4
Let r(l) = 2 + l + 3 - 3 + 6. What is the units digit of r(0)?
8
Suppose -4*o = 10 + 2, 0 = -5*j - o + 917. What is the units digit of j?
4
Let j(l) be the first derivative of l**2/2 + 1. Suppose 7*g + 2 = 8*g. What is the units digit of j(g)?
2
Let r = 1093 + -744. What is the units digit of r?
9
Let c(p) = p**2 - 8*p - 5. Let v be c(9). Suppose v*b + 4*s = -4, -3*b + 3 = -2*b - s. What is the units digit of b?
1
Let l be 15/(-12)*(3 + -7). Suppose -5*o - 44 = -v, l*o - 61 = -4*v + 2*o. What is the tens digit of v?
1
Let b(w) be the first derivative of w**2 + 7*w + 3. Let q be b(-5). What is the units digit of (-32)/q*9/6?
6
Let m be (3 + 0 + -2)*3. Suppose 2*n + m*n - 125 = 0. What is the tens digit of n?
2
Suppose 277 - 1509 = -4*x. What is the hundreds digit of x?
3
Let u(v) = -2*v**2 + 13*v - 15. Let r(b) = -1. Let g(f) = 5*r(f) - u(f). What is the tens digit of g(8)?
3
Let c(y) = y**2 + 6*y - 1. Let f be c(-7). Let x = f - 7. What is the units digit of 2 + x + (0 - 0)?
1
Let i(t) = 34*t**3 - 5. What is the hundreds digit of i(2)?
2
Let d(v) = v**2 + 34. Suppose 5*u = 4*u. What is the units digit of d(u)?
4
What is the units digit of 2 + -2 + (31 + -1 - 2)?
8
Let u = -57 + 188. What is the units digit of u?
1
Let d = -14 + 24. Let p(r) = r**3 - 10*r**2 + 4*r - 4. What is the tens digit of p(d)?
3
Suppose t - 2 + 0 = 0. What is the tens digit of (t - 1)*200/10?
2
Let y = 3 + -3. Suppose 2*w - 3 = 5, 4*v - w - 8 = y. Suppose 5*u - 3*j - 67 = 0, v*u + 6*j - 17 = 2*j. What is the tens digit of u?
1
Let u = 3 - -2. Suppose 19 = 2*c - 5*t, -3*c + u*t = -4*c - 13. What is the units digit of c?
2
Suppose 2*o = 1 + 3. Suppose -5*u - 3*s + 4*s + 8 = 0, -o*u = 5*s - 14. Suppose -i + 3*x = 5, -u*i - 3*i - 5 = -5*x. What is the units digit of i?
1
Let f = 6 + -6. Suppose -4*u + 16 = f, 2*h - 3 = 2*u + 3. What is the units digit of h?
7
Let l = 16 + -13. Suppose 0*t - 2*t + 6 = 0, -2*t = l*r - 54. What is the units digit of r?
6
Let p = 16 + 24. What is the tens digit of p?
4
Let l = 54 + -29. What is the tens digit of l?
2
What is the tens digit of 284/16 + 9/(-12)?
1
Let x(b) = -b**3 + 4*b**2 - 2*b - 2. Let i(k) = k + 1. Let c be i(-1). Suppose 2*p - 4*m - 2 - 10 = c, 0 = -5*p - 4*m + 2. What is the units digit of x(p)?
2
Let a(g) = -6*g**2 - 3*g + 3. Let h(o) = 5*o**2 + 4*o - 2. Let c(k) = -4*a(k) - 5*h(k). Suppose w = -4*w - 35. What is the units digit of c(w)?
5
Suppose -2*b = -4, -b + 13 = x + b. Let m = x + 1. Let n = m - -1. What is the units digit of n?
1
Suppose 4*a - 5*g = 1812 - 260, -g + 1940 = 5*a. What is the units digit of a/20 + 3/5?
0
Let g(z) = -z**3 + 11*z**2 - 9*z + 1. What is the hundreds digit of g(7)?
1
Let d = -11 + 8. What is the units digit of -1*(-2 - -5)/d?
1
Let d(a) = -a**2 + 12*a + 2. What is the units digit of d(12)?
2
Let a = 6 + 14. What is the tens digit of a?
2
Let w(g) = -2*g**3 - 5*g**2 - g. Let c be w(-5). Suppose -4*b + c = -5*q, -3*q = -2*q + 2. Let k = b + -17. What is the tens digit of k?
1
Let k(l) = -3*l - 35. What is the units digit of k(-16)?
3
Suppose -2*u + 5*u = 0. Suppose t - 2 + 1 = u. What is the units digit of t?
1
Let j be (-3 + (-30)/(-9))*30. Let f = j - 8. Suppose -2 = -0*z - f*z. What is the units digit of z?
1
Let m be 42 + 1 + 0 + 1. Let k = m - 25. What is the units digit of k?
9
Let a = 17 - 15. Suppose a*n - 14 = 24. What is the units digit of n?
9
What is the tens digit of (2139/23)/(2/(32/6))?
4
Let h(d) = d + 5. Let w(q) = 2*q + 4. Let j(v) = 3*h(v) - 2*w(v). Let b be j(7). Let x(u) = -u**2 + u + 1. What is the units digit of x(b)?
1
Suppose 5*k + 7 = 2*o - 23, -2*o = 4*k - 12. What is the units digit of o?
0
Let c(s) = -s**3 - 11*s**2 + 17*s - 19. What is the tens digit of c(-13)?
9
Let s = 83 - -120. What is the tens digit of s?
0
Let d(v) = v**3 - v**2 + 2*v - 2. Let m be d(2). What is the units digit of 6/(-5)*(-40)/m?
8
Let a(p) = 5*p. Let m(b) = 6*b. Let r(c) = 5*a(c) - 4*m(c). Let f be r(3). Let v = 9 - f. What is the units digit of v?
6
Suppose -n + 3*i - 12 = -81, 0 = -2*n + 4*i + 138. What is the tens digit of n?
6
Suppose 0 = -4*d - 44 + 196. What is the tens digit of d?
3
Let y = -3 + 3. Suppose 3*n + y = 33. What is the tens digit of n?
1
Let 